Is 2*f/8 + 39738/8 a composite number?
False
Let l(r) = -1876*r + 1427. Is l(-131) composite?
False
Suppose 0 = -4*f + 2*s + 36, 0 = 5*f - 2*s - 16 - 27. Let p(w) be the second derivative of w**4/2 + 2*w**3 - 23*w**2/2 - 2*w - 76. Is p(f) composite?
True
Let s = 39670 - -184111. Is s a prime number?
True
Suppose 5*z + 5*d - 890 = 0, d + 262 = 4*z - 465. Let o(f) = -5*f + 31. Let n be o(-19). Let x = z + n. Is x composite?
False
Is 140/(-630) - (1292573/(-9) - 2) a prime number?
False
Let n(h) = -11988*h - 56. Let t be n(-5). Let y = t + -42063. Is y prime?
False
Let s be (5/(35/329))/1. Let a = 70 + 312. Let b = a - s. Is b composite?
True
Let h = -17 + 12. Let i be (-35)/(-10) + 45/(-10). Is 696 - (3 + h) - (-4 - i) composite?
False
Let w = 6271 + -4240. Let a be (-26)/4*(-218)/(-1). Let z = a + w. Is z a composite number?
True
Suppose 3*j = 2*q - 0*j + 3, 0 = 2*q + 3*j - 3. Suppose q = -z - 49 + 130. Suppose -78*k = -z*k + 1869. Is k composite?
True
Let d(g) = 15*g**2 - 3*g + 140. Let f be d(-36). Suppose 0*l - v + f = 3*l, 4*l + 4*v = 26248. Is l a prime number?
True
Let n(v) = 2*v**3 - 18*v**2 + 10*v - 1. Let j be n(7). Is 14*(-3)/2*j/3 a prime number?
False
Let a = 13733 + 14588. Is a prime?
False
Let j = 14 - 40. Let d = 5 - j. Let t = 113 - d. Is t a composite number?
True
Suppose -2*k + 4*k - 3*t = -7829, 0 = 4*t - 4. Let r be (-91536)/8*5/(-10) + 6. Let u = r + k. Is u a prime number?
False
Let a(m) = -183*m + 102. Let h be a(-11). Let r(x) = 3*x**3 - x**2 - 3*x + 3. Let z be r(-7). Let w = z + h. Is w prime?
True
Let o = 46949 - 32146. Is o prime?
False
Let n(d) = -2*d + 808. Let m be n(62). Let w(i) = 42*i**2 + 3*i - 4. Let c be w(-3). Let x = m - c. Is x composite?
True
Let c be 30324 - (1/(-1) + -4). Suppose -3*p - 10*p = -c. Is p prime?
True
Suppose -s + 31 = 13. Is (s/(-27))/(17759/(-5919) - -3) prime?
True
Let j = 72 + -70. Suppose -2*b - 3323 = -5*p + 3262, -4*p + j*b + 5266 = 0. Is p composite?
False
Suppose 55*l - 8816404 = -23*l + 10*l. Is l a composite number?
True
Suppose -19*x + 72*x - 16310326 = 0. Is x composite?
True
Let g(x) be the second derivative of x**5/20 + 5*x**4/2 + 7*x**3/2 - 13*x**2/2 + 88*x. Is g(-15) composite?
True
Let s(o) = -o**3 - 35*o**2 - 14*o - 5. Let f be s(-27). Let t = f - -8413. Suppose 0 = -12*p + 26774 - t. Is p a composite number?
True
Suppose 8*d - 12 = 5*d. Let h be (-1)/(1066/(-534) + d/2). Let a = 1024 - h. Is a a prime number?
True
Let m be 24733/3 + -5*5/75. Is -4 + 2 + (-3 - -5)*m composite?
True
Suppose 10 = 26*m - 16*m. Is (m + 7/(-3))*147939/(-22) composite?
True
Let h be (-52)/10 - -5 - (-1)/5. Suppose h = 5*v + 11*d - 7*d - 22, -v + 5*d - 13 = 0. Suppose -v*s + 774 = 4*u, 5*s - 1264 = 3*u + 619. Is s prime?
True
Suppose 30*c - 14*c = 288. Is 13 + 10/(-4) + c/36 composite?
False
Suppose 3*w - 306058 = -5*h, 0 = -9*h + 10*h - 2*w - 61209. Is h a prime number?
True
Suppose -i + 5*s + 19778 = 0, 71*i - 2*s = 66*i + 98821. Let v = -11430 + i. Is v a prime number?
False
Suppose 0 = -5*y - 0*y + 135. Suppose -y*h + 31*h = 2176. Suppose 4*f - 232 = h. Is f composite?
True
Let v = 313884 - 180997. Is v a composite number?
False
Suppose 3*s - 9*s = -2976. Suppose 0 = -0*h + h - s. Suppose 0*n + 4*z = 2*n - 510, -h = -2*n - 3*z. Is n a prime number?
True
Let n(m) = -186*m**2 + 45283. Is n(0) prime?
False
Suppose -3*c + 5*p = -17889, -5*c + 2*p + 29815 = 3*p. Is c composite?
True
Let l be (-1)/(-1) - ((-9)/(-1) - -22). Is 1/2 + l/12 - -633 prime?
True
Let k(u) = -689*u + 34. Let z be k(-10). Suppose 2*n - z = -4*l, 3*n = -5*l - 5177 + 13830. Is l prime?
True
Let r(m) = -3558*m + 27. Let a be r(-12). Let b = a + -18364. Is b composite?
False
Let x(s) = -2 + 2*s - 3*s - 7*s**3 - 22*s**3. Let q be x(-2). Suppose 4*h - q - 508 = 0. Is h composite?
True
Suppose 43 = -3*b + 49. Suppose -3*p + 3*w = -2376, 0 = -b*w + 3*w + 3. Is p a composite number?
True
Suppose 0 = 5*s + 4*c - 516395, -4*c = 38*s - 40*s + 206586. Is s prime?
False
Let m(s) = 7*s - 1361. Let h(r) = -6*r + 1361. Let j(y) = 6*h(y) + 5*m(y). Is j(0) composite?
False
Let t = 347712 - 63419. Is t prime?
True
Let o be ((-8)/10)/((-36)/(-90)). Is ((-1511)/2*4)/(o/7) prime?
False
Suppose 0 = 219*x - 125*x - 1835162. Is x a composite number?
True
Let y be 2 + -1 + -1397 + (-23 - -6). Is y/(-24) + 2/16 a composite number?
False
Let s(c) be the first derivative of -133*c**3/6 - c**2 - 15*c - 16. Let y(g) be the first derivative of s(g). Is y(-3) a prime number?
True
Is ((-679090)/(-20))/((-6)/(-12)) a prime number?
False
Let d(u) = -u**3 + 3*u**2 + 3*u + 50929. Is d(0) prime?
True
Let l be (-18)/42 + 20/14. Suppose 0*b = -3*b - 5*j + 29, -l = -j. Suppose 4325 = 13*r - b*r. Is r a composite number?
True
Suppose -5*d = -1 + 86. Let v = d + 1516. Is v a prime number?
True
Let d be -1 - (-1 - (-2 - -8)). Let i(h) = 9*h**3 + h + 16*h**3 - d*h + 12*h**3 + 8 + h**2. Is i(2) prime?
False
Suppose -4*c + 78 = -c. Let k = -23 + c. Suppose -3*u + 668 = 2*o - 0*o, -4*o + 1330 = k*u. Is o a prime number?
True
Let f(z) = -13*z**3 - 4*z**2 - 9*z + 3. Let h be f(-5). Suppose -15 = -5*l, -4*l = j + h + 742. Let o = j + 4762. Is o composite?
True
Let u = 38 - 24. Let s(b) = 2*b**2 + 31*b + 17. Let v be s(-15). Is ((-635)/(-5))/(v/u) composite?
True
Suppose -2*l = -3*l - 3. Let i(x) = -x**3 - x**2 + 3*x - 4. Let u be i(l). Suppose f = -5*p + 2*p + 166, 0 = -u*p + 4*f + 305. Is p a composite number?
True
Let u(l) = 3*l**2 + 8*l + 9. Let x be u(-8). Suppose -29*z = -x - 11782. Is z a prime number?
False
Let a(g) = g**3 + 8*g**2 + 7*g + 4. Let x be a(-7). Suppose -b + 5*o - 12 = o, -x*o = -2*b - 4. Is (2 - 5/2)*b - -3231 composite?
True
Suppose -d - g = -4*d + 98813, 5*d = -g + 164699. Suppose -5*v + d = 3*x, 2*v - 19*x - 13174 = -21*x. Is v composite?
True
Let n(w) = -w**2 + 7*w + 5. Let o(r) = -r**2 + 6*r + 4. Let i(x) = 5*n(x) - 6*o(x). Let f(s) = 10*s**2 - 18*s - 5. Let v(g) = f(g) - 2*i(g). Is v(-9) composite?
True
Suppose 0 = y + y - 6. Suppose y*j = -1389 - 1941. Let p = j - -2803. Is p a prime number?
True
Suppose -5*c = 3*m - 4879066, -760348 = m - 3*c - 2386680. Is m composite?
True
Suppose q + 4*u = 18985, -q - 3*u + 2857 + 16123 = 0. Suppose -22*d + 27*d = q. Is d composite?
False
Let p(w) = -66*w**2 + 3*w + 3. Let i be (-1)/4 + (-51)/68. Let m be p(i). Let y = m - -257. Is y composite?
False
Let y be ((4/3)/(1/(-3)))/(-2). Suppose 0 = y*i - 6*i + 3904. Suppose -4*d + i + 1588 = 0. Is d composite?
False
Let c(b) = -153*b**3 - b**2 - 4*b - 2. Let g be c(-2). Suppose -2*v + 3*p + 375 + 228 = 0, 4*v = 2*p + g. Is (v + -2)*(0 + 1) composite?
False
Suppose 0 = -15*p + 11*p + 160. Suppose 7*b + p = -30. Is b/45 + (-10496)/(-9) - -3 composite?
True
Suppose -4 - 1 = 5*x - 5*m, -m = -3. Suppose -7*v - u + 27597 = -2*v, -x = -u. Is v prime?
True
Let v = -40009 - -56892. Is v composite?
False
Suppose -51*u + 57*u - 110802 = 0. Is u a composite number?
True
Suppose 24670*a + 1268381 = 24693*a. Is a a prime number?
True
Suppose 60*q - 559488 - 261130 = -146278. Is q a prime number?
True
Let s(l) = 6*l + 3*l + 3*l**3 + 0*l**3 + 4 - 3*l - 10*l + 12*l**2. Is s(17) a prime number?
True
Let l = 24052 - 8241. Is l a prime number?
False
Let s(v) = 53*v**3 - 33*v**2 + 55*v - 55. Is s(16) a prime number?
False
Suppose -3*j - 32 = -41. Let y(t) = -j*t**2 + 2*t**3 + 1 + 8 - 2 - 3*t**3. Is y(-6) composite?
True
Let h be (-15)/(-135) + (-2)/(-18)*-25237. Let r = -1147 - h. Is r a prime number?
True
Is (-3636015)/10*(-30)/45 prime?
False
Is 16507*1 + (12 - 26) a composite number?
False
Let w(z) be the first derivative of 29/2*z**2 + 6*z + 21. Is w(1) prime?
False
Let x = 30152 + -15105. Is x prime?
False
Let q be (626/5)/((-1)/(3 - 88)). Suppose -4*v - 3630 = -q. Suppose -v = -h - 282. Is h a prime number?
True
Suppose 54762428 = 124*b - 126094176. Is b prime?
True
Suppose -102*s + 890227 = -7907375. Is s a prime number?
False
Suppose -30*o + 2631389 - 359476 = 29*o. Is o a composite number?
True
Suppose -3*a = -33 - 0. Suppose 1759 = -10*c + a*c. Is c a composite number?
False
Let i(h) = -552*h**2 + 10*h + 33. Let l(m) = -549*m**2 + 9*m + 34. Let j(t) = 5*i(t) - 6*l(t). Is j(-4) a composite number?
False
Let j(f) = -12*f + 4*f + 10 + 8*f**3 - 9*f**2 - 3*f**3. Is j(6) a prim